*f - 6930. Suppose 2*d + 4*t - 1722 = 0, -3*t - q - 2889 = -5*d. What are the prime factors of d?
857
Let v(k) be the second derivative of k**3/2 + 35*k**2/2 - 3*k. Let d be v(-11). Suppose 226 = d*u - 164. What are the prime factors of u?
3, 5, 13
Let s = -7398 + 32611. List the prime factors of s.
19, 1327
Suppose -96*c + m + 12130 = -93*c, 2*m - 12118 = -3*c. What are the prime factors of c?
2, 43, 47
Suppose -5*h = 120*n - 115*n - 40330, 2*n + 16116 = 2*h. What are the prime factors of h?
2, 29, 139
Suppose 0 = -473*p + 87*p + 6922910. What are the prime factors of p?
5, 17, 211
Suppose -334*j = -339*j + 1725. What are the prime factors of -1 + (-11811)/(-8) + j/(-920)?
5, 59
Let y be (47 + -46)*(-398)/(-1 + -1). Let a = y - 142. Suppose 3*i - 69 = a. List the prime factors of i.
2, 3, 7
Let p be 4836 - ((4 - -1) + -11). Suppose -51*t = -45*t - p. List the prime factors of t.
3, 269
Suppose 4*s - 276 = -z, -3*s - 283 = -z - 7. Let o = z + -232. List the prime factors of o.
2, 11
Let w(p) = p**2 + 14*p - 5. Let a be w(-14). Let r = -2 - a. Suppose r*h - s - s - 148 = 0, 5*s + 25 = 0. List the prime factors of h.
2, 23
Let f = -129 - -257. Suppose f*j = 133*j - 3645. List the prime factors of j.
3
Let r(l) = l**2 + 10*l + 128. Let s be r(-21). Let b = 1231 + s. List the prime factors of b.
2, 3, 5, 53
Let r(y) = -y**3 - 10*y**2 - 11*y - 1061. Let m(c) = c**2 + 2*c - 1. Let z(d) = -4*m(d) - r(d). What are the prime factors of z(0)?
3, 5, 71
Suppose -32*g + 1201573 + 489049 = -864610. List the prime factors of g.
3, 43, 619
Let i(x) = -2*x**2 + 5*x - 2. Let k be i(2). What are the prime factors of 1924/2*((-1)/(-2) + k)?
13, 37
Suppose 2*k = 2*r + 18, 4*k - 6*r + 4*r = 28. Suppose -252 = -2*z - k*b + 937, -4*z - b + 2423 = 0. List the prime factors of z.
607
Let t be (-2 - 0)*5/(-2). Let s(r) = -4*r - 113. Let u(j) = -5*j - 170. Let b(w) = t*u(w) - 7*s(w). List the prime factors of b(24).
13
Let i(n) = 28*n - 32. Let g be i(5). Let b = 100 - g. List the prime factors of (-78)/b*((-50)/(-3) - -2).
2, 7, 13
Let f = -90 + 95. Suppose 797 = f*g - 978. What are the prime factors of g?
5, 71
Let y = 1015 - 832. Suppose r = 6*r - 25. Suppose 3*d - r*g = y, 3*g + 24 + 37 = d. What are the prime factors of d?
61
Let v(b) = -b**3 + b**2 - b + 1. Let j(t) = -7*t**3 + 10*t**2 - 10*t - 1. Let n(u) = j(u) - 6*v(u). Let d be n(7). What are the prime factors of d/5*30/(-12)?
7, 13
Let d be (-3)/((-4)/160*6). Let s(i) = 2*i**2 - 22*i + 215. What are the prime factors of s(d)?
5, 23
Let m(o) = -870*o - 5735. What are the prime factors of m(-18)?
5, 397
Let p be (-22)/(-88) + (-1)/4. Suppose z + 5 = 5*y, -4*y = -p*y - 4. What are the prime factors of 3 + -3 + z - -132?
2, 3, 11
List the prime factors of (-21 + 29 - (-68907)/15) + (-2)/(-10).
2, 3, 13, 59
Let u(f) = -f**3 + 4*f**2 - f + 8. Let m be u(0). Let b(w) = 47*w - 219. List the prime factors of b(m).
157
Let m = -189 + 194. Suppose -m*l = -12*l + 2100. What are the prime factors of l?
2, 3, 5
List the prime factors of (1408/55)/8*4815/6.
2, 3, 107
Let x = -6869 - -29484. List the prime factors of x.
5, 4523
Let o be (-4 + -2)*(-260)/6. List the prime factors of (-3326)/(-18) - (7 - o/36).
5, 37
Let i = 24904 + -10885. List the prime factors of i.
3, 4673
Let x be (0*(1 + -2))/1 - -1. Let l(a) = x + 7 + 77*a - 5. List the prime factors of l(1).
2, 5
Suppose -3985*r = -2005*r - 2011*r + 750510. What are the prime factors of r?
2, 3, 5, 269
Suppose 17*j = 14*j + 21. Suppose -3*k + 433 + j = 4*f, 3*k - 3*f - 468 = 0. What are the prime factors of k?
2, 19
Suppose -18*w - 85725 = -20*w - 13*w. List the prime factors of w.
3, 5, 127
Let g = 232 + -227. Suppose 0 = 5*k + 2*w - 2500, -4*k = -g*w + 611 - 2611. List the prime factors of k.
2, 5
Let h be ((-2856)/98)/(-12) + 3/(-7). Let n(g) = 32*g - 2*g + 14*g + 9. What are the prime factors of n(h)?
97
Let n = 2068 + -1760. Let l(f) = -194*f**2 - 2*f + 1. Let r be l(1). Let q = n + r. What are the prime factors of q?
113
Suppose -244 - 156 = -8*a. List the prime factors of a/(5 - 312/63).
2, 3, 5, 7
Suppose -4*d - 22 = -6. What are the prime factors of d/8 - (-1431)/6?
2, 7, 17
Suppose -6*h + 90 = 12. Suppose h*m - 16*m = 1416. Let o = -328 - m. What are the prime factors of o?
2, 3
Suppose 0 = -18*l + 4*l - 28. Let r(y) = -3*y - 6. Let a be r(l). Suppose -3*n = -5*x - 44, a = -2*n - 2*n - 4*x + 112. List the prime factors of n.
23
Let u = 96967 + -21714. What are the prime factors of u?
75253
Let x(l) = l**2 - 24*l + 20. Let v = -116 - -104. Let q be x(v). Suppose -10 + q = 2*j. What are the prime factors of j?
13, 17
Suppose 147771 = 4*m - 4*u - 220937, 4*m + 2*u - 368744 = 0. List the prime factors of m.
7, 13, 1013
Let s(v) be the third derivative of 5*v**4/12 - 3*v**3/2 + 2*v**2. Suppose 0 = 4*x - 2*n - 44, 5*n = x - 0*n - 20. What are the prime factors of s(x)?
7, 13
Let h be (1 + 1)*2*3/6. What are the prime factors of h + -3*501/(-9)?
13
Suppose 0 = 5*i - 646 - 219. Let f = i - 137. List the prime factors of f.
2, 3
Suppose -5*t - 607 = 423. Let o = 212 - t. What are the prime factors of o?
2, 11, 19
Let b(d) = d**3 + 11*d**2 + 4*d - 2. Suppose -2*l + 125 - 7 = 4*w, -4 = -4*l. Let c = -36 + w. What are the prime factors of b(c)?
2, 83
Let f(g) be the second derivative of 133*g**6/120 + g**4/24 - 9*g**2/2 + 14*g. Let c(i) be the first derivative of f(i). What are the prime factors of c(1)?
2, 67
Let i(g) = -g + 9. Let t be (124/(-16) - 6/(-8))/(-1). Let k be i(t). Suppose -j + 4*x = -81, 2*j + k*x + 156 = 4*j. List the prime factors of j.
7, 11
Suppose 2 = -5*q + 17. Suppose j - 1098 = -5*y, q*y + 5*j - 210 = 2*y. Suppose -4*r - 76 = -y. List the prime factors of r.
2, 3
Let u = -196 - -197. Let w(j) = 750*j**2 - 3*j + 6. What are the prime factors of w(u)?
3, 251
Let z(t) = t**2 - 58*t + 4076. List the prime factors of z(-124).
2, 6661
Let m(g) = -19*g**2 - 4*g + 44. Let r be m(-5). What are the prime factors of (8 - r/9)*6?
2, 7, 23
Let h be (((-10740)/(-6))/10)/(1 - 0). Suppose 3*c + 189 = 3*t, 2*c + h = 4*t - 81. List the prime factors of t.
67
Let b be (1057/(-21))/(2/(-6)). Suppose 29 = -15*d - b. List the prime factors of d/(-8) + ((-289)/(-2) - -3).
149
Let d(q) = -q + 6. Let j be d(10). Let f be j/26 - (-280)/130. Suppose p = -f, -4*s - 4*p = p - 30. List the prime factors of s.
2, 5
Suppose 0 = 148*d - 119*d - 796021. What are the prime factors of d?
27449
Let h = -366 - -678. Suppose 427 = l + h. What are the prime factors of l?
5, 23
Let u(d) = d**3 + d**2 - d + 3256. Let m be u(0). Suppose -8*n = 14*n - m. What are the prime factors of n?
2, 37
Let s = 1082 - 646. Suppose -m = -1172 + s. List the prime factors of m.
2, 23
Let l = -40 + 35. List the prime factors of 8*l*3/(-12).
2, 5
Let w(f) = f**2 - 4*f - 15. Let y be w(7). Let d(z) = -3 - y*z + 0*z + 9 + 0*z. What are the prime factors of d(-10)?
2, 3, 11
Suppose 21*b - 26*b = 75. Let z be (b/6)/(3/(-30)). Let t = z - 8. List the prime factors of t.
17
Suppose 43*g - 83129 = 1030958. What are the prime factors of g?
13, 1993
Suppose -2*t + 4*d = 4592, 0 = -2*t - d - 0*d - 4567. Let p be 10*(-1)/(-3*(-15)/t). Suppose 3140 = 16*o - p. List the prime factors of o.
2, 3, 19
Suppose 8*n - 3*n = 5*x + 30, 0 = 2*n + 2*x. Suppose 137 = n*u - 2*u. Let v = -97 + u. List the prime factors of v.
2, 5
Let d(c) = 30074*c**2 - 180*c - 179. List the prime factors of d(-1).
3, 5, 401
Let d be (-2)/(-1 + 0) - 8. Let s(v) = -v**2 - 2*v + 33. Let z be s(5). What are the prime factors of ((-9)/d)/(z/(-36))?
3
Suppose 4*f = 5 + 15. Suppose -f*l + 1221 = -4*v + 241, 375 = 2*l - 5*v. Suppose 5*c = 4*b - l - 110, 0 = -4*b + c + 302. What are the prime factors of b?
3, 5
Let z(w) = -19*w - 2. Let a be z(2). Let q = a - -30. What are the prime factors of ((-25)/q + -2)/((-2)/(-108))?
3
Let d be -1*3*((-130)/(-40) + (-12)/(-16)). Let v be (8/(-3))/((-4)/(-54)). List the prime factors of v/(-10)*d*(-25)/10.
2, 3
Let d(f) = -130*f**3 + 12*f**2 + 19*f - 43. List the prime factors of d(-5).
2, 11, 373
Let q(n) = 367*n + 0 - 320*n + 0 + 7. Let f be 0 + (6/(-2))/(-1). What are the prime factors of q(f)?
2, 37
Let c(m) = m**2 - 21. Suppose -3*w - 3*o = -2*o, w = -2*o - 5. Let q = -9 + w. List the prime factors of c(q).
43